u = 2*i. Let h be m(i). Calculate the greatest common factor of h and 17.
17
Let u = 242 - 94. What is the greatest common factor of 333 and u?
37
Let c(b) be the first derivative of -b**4/4 - 8*b**3/3 + 4*b - 8. Let s be c(-8). Let w(t) = -t. Let p be w(-2). What is the greatest common divisor of s and p?
2
Suppose -2*y = 2*y - 96. Let t(b) = -12*b + 3. Let m be t(3). Let o = m + 69. Calculate the greatest common divisor of o and y.
12
Let x be ((-5)/(-2))/((-6)/(-12)). Let b(w) = 5*w - 7. Let v be b(x). Calculate the highest common divisor of v and 45.
9
Suppose -5*l = -99 + 414. Let i be ((-36)/l)/((-4)/(-70)). Calculate the greatest common divisor of 2 and i.
2
Suppose 26*t - 4747 = -5*s + 28*t, -3*s + t = -2848. Calculate the greatest common factor of s and 13.
13
Suppose 5*p + 5 = -10, -2*p + 54 = 3*t. Calculate the highest common divisor of t and 10.
10
Let b = 153 - 152. Calculate the highest common factor of 3 and b.
1
Let f(u) = 11*u**3 + 2*u - 3. Let o be f(2). Suppose -2*y = 5*k - o, -5*k = -y + 63 + 4. Calculate the greatest common divisor of 26 and y.
26
Let i(j) be the third derivative of -j**5/60 + 7*j**4/24 - 2*j**2. Let n be i(3). What is the highest common factor of 30 and n?
6
Suppose 2*f - 51 = 799. What is the highest common divisor of 85 and f?
85
Let c = -321 + 453. Suppose 51*g - 13*g - 1254 = 0. What is the highest common divisor of c and g?
33
Suppose -22*q = -1550 - 166. What is the highest common factor of q and 390?
78
Let l be (-2)/(-11) + (-8055)/(-165). Calculate the greatest common divisor of l and 56.
7
Let k(l) = -l**3 - 4*l**2 - 2*l. Let j be k(-4). Suppose 13*n = -5*w + 17*n + 9, 3*w + 5*n = -2. What is the greatest common divisor of w and j?
1
Let p(r) = r**3 + 6*r - 28. Let f be p(4). Suppose 3*b = v - 5, 2*v - 2*b + 5*b = 10. Let t = 15 + v. What is the greatest common divisor of t and f?
20
Let z = -40 - -61. What is the greatest common divisor of 35 and z?
7
Let z = -247 - -391. Let l = 857 - 841. What is the greatest common factor of l and z?
16
Let w(c) = c**3 + 29*c**2 - 31*c + 30. Let m be w(-30). What is the greatest common factor of m and 960?
60
Suppose -5*c - 17 = -v + 2, -2*c - 14 = -2*v. Let q(w) = 6*w - 8. Let t be q(v). Calculate the greatest common divisor of t and 64.
16
Let v = 46 - -79. Suppose 0*r + 11 = r - 5*h, 0 = -5*r + 3*h + 33. Suppose 125 = r*g - g. Calculate the highest common divisor of v and g.
25
Suppose 8 = -g + 3*g. Suppose 0 = 5*d - u - 135, 5*d + 102 = 9*d - 2*u. What is the greatest common factor of d and g?
4
Suppose 4*o = -2*o + 150. Suppose x = -4*p + 3*x - 80, -3*x + o = -p. Let i = p + 26. What is the highest common factor of i and 35?
7
Let v(o) = 27*o**2 + 18*o + 299. Let p be v(-9). What is the highest common divisor of 28 and p?
28
Let q = -155 - -257. Suppose g + g = 4*f - 18, 5*f = -2*g + 36. Calculate the highest common divisor of f and q.
6
Let m(i) = -i**2 - 8*i - 5. Let a be m(-15). Let t be (a/15 - -4)*-33. What is the highest common divisor of 44 and t?
22
Let g = 689 + -569. Calculate the greatest common factor of 440 and g.
40
Suppose -5*k = 16 - 121. Suppose 2*v - 1 = -0*v - u, -u - 17 = -4*v. What is the highest common factor of k and v?
3
Let h(z) = -z**3 + z**2 + 9*z + 19. Let f be h(0). Let b be (38/5)/(3/60). What is the highest common divisor of b and f?
19
Let s = 20 + 10. Suppose -s = -6*d - 0. Suppose -y - 4*m = 2*y - 5, 0 = 5*m + d. What is the greatest common factor of 27 and y?
3
Suppose -b + 8 + 0 = 0. Let c(t) = 2*t**2 + 14*t - 4. Let o be c(-10). What is the greatest common divisor of b and o?
8
Suppose 4*s - 100 = 8*s. Let w = -24 - s. Calculate the highest common factor of w and 1.
1
Let o(y) = 5*y**2 + 8*y + 1. Let p be o(-6). Let q be ((15/10)/3)/((-1)/(-14)). Suppose q*a - 38 = 5*a. What is the highest common factor of p and a?
19
Suppose v - 1 = 4. Suppose -84 = -2*w - v*w. Calculate the highest common divisor of w and 16.
4
Let b(z) = 44*z - 171. Let l be b(4). Calculate the highest common divisor of l and 10.
5
Let k(t) = 2 - 10*t + 9*t + 3*t**2 + t**2 + 8*t - t**3. Let a be k(5). Suppose -d = 9 - a. What is the greatest common factor of d and 21?
3
Suppose 0 = y + m - 12, -28*m + 25*m = -4*y + 20. What is the highest common factor of 56 and y?
8
Suppose -v + 2*p = v - 6, 3 = v + 2*p. Calculate the greatest common factor of 63 and v.
3
Suppose -29 = 6*k - 113. Calculate the greatest common divisor of 448 and k.
14
Let o = 108 + -102. Let s(f) = -f**2 - 12*f + 17. Let k be s(-13). What is the highest common factor of o and k?
2
Suppose 5*q = o - 121, 3*q + 375 = -3*o + 738. Suppose -18 - 4 = -2*k. Calculate the greatest common factor of o and k.
11
Suppose -2*o + 11 = 13. Let b be ((4 - -20)/(-2))/o. Calculate the highest common factor of 84 and b.
12
Let q(n) = -n**3 - 12*n**2 + 6*n + 17. Let v be q(-13). What is the greatest common divisor of 12 and v?
12
Suppose 2*y = 6 + 6. Suppose -4*v + 18 = 3*h, -60*h - 7 = v - 65*h. Let j = y + v. Calculate the highest common factor of j and 63.
9
Let b(w) = w**2 + w + 5. Let m be b(3). Suppose -39 + 7 = -s. Let d = -15 + s. Calculate the highest common factor of d and m.
17
Let w(c) = -12*c + 374. Let p be w(30). What is the highest common factor of 28 and p?
14
Suppose 312 = 3*s - 7*s. Let y = 155 + s. Calculate the greatest common divisor of 11 and y.
11
Suppose -2*a - 2*o + 2020 = -0*a, 5*a + 2*o - 5044 = 0. What is the greatest common divisor of a and 14?
14
Let t(s) = -s**3 - 5*s**2 - s + 2. Let c be t(-5). Let d be 21/(-6)*1*(-16 + 2). Calculate the highest common factor of c and d.
7
Suppose 10*v + 22 = -28. Let c(r) = -2*r**2 - 13*r - 5 + r**3 + 5*r**2 + 1. Let s be c(v). What is the highest common factor of s and 88?
11
Let d(h) = -h**2 + 27*h - 43. Let b be d(23). Let t = 71 - b. Calculate the highest common factor of t and 11.
11
Suppose 3*i + 3 - 12 = t, 3*i + 3*t = 21. Suppose 12 = -3*p + 12. Suppose -4*l + 14 = -v + 2*v, p = 5*l - 5. What is the highest common factor of i and v?
2
Let q = -241 + 261. What is the greatest common factor of 180 and q?
20
Suppose -4*l + 3*l = -28. Let v(a) = a**2 + 7*a + 4. Let t be v(-7). What is the highest common factor of t and l?
4
Suppose -38 = 3*m - 2. Let c be ((-4)/6)/(m/234). Suppose -3*q + 4*q - 3 = 2*f, 4*q - 5*f - 27 = 0. Calculate the greatest common divisor of c and q.
13
Let c be 12/(-3) - (1 - 456). Suppose -5*d = -0*v + v - c, d + 4*v = 75. Calculate the highest common factor of d and 13.
13
Let d = 95 + -70. Calculate the greatest common divisor of d and 1.
1
Let x = 62 + -55. Suppose -24 = -x*f + 4. What is the greatest common factor of f and 60?
4
Let l(t) = t**2 + 35*t - 26. Let m be l(-36). What is the greatest common factor of m and 20?
10
Let z = 27 - 36. Suppose 2*c + 57 = d, -2*c + 4*d - 43 = 17. Let y = z - c. What is the highest common divisor of y and 190?
19
Let k be (-4)/(-2) + 1 - -4. Suppose 5*l - 8 = k. Suppose -l - 41 = -4*w. Calculate the highest common divisor of w and 11.
11
Let k = -473 - -479. Calculate the highest common factor of 9 and k.
3
Let k be (1 - 3)*1/(-2). Suppose -2*s = -7 + k. Calculate the greatest common factor of 6 and s.
3
Let o(t) = 9 - t**3 - 4*t + 9*t**2 + 3*t - t - 5*t. Let n be o(8). Suppose -14*q + 340 + 1564 = 0. Calculate the highest common factor of q and n.
17
Suppose -2*f - 4*o + 80 = 0, -2*o - o + 36 = f. Suppose -36 = 2*g - 8*g. Calculate the highest common divisor of f and g.
6
Let m(r) = -r**3 + 18*r**2 + 3*r - 24. Let a be m(18). Let j = a - 11. What is the highest common divisor of 209 and j?
19
Let s = -217 - -289. Calculate the highest common factor of 9 and s.
9
Suppose -5*l + 40 = -4*d, -4*d - 26 = l - 10. Let h be 4 + 1 + (0 - 1). Let m = 24 - h. Calculate the highest common divisor of l and m.
4
Let o be (-9)/(-12) + 1980/48. What is the greatest common divisor of 6 and o?
6
Suppose -164 = -0*d - 2*d. Suppose 0 = 2*i - d - 8. Let b = 2 + 3. Calculate the highest common divisor of b and i.
5
Let m = 40 + 2. Suppose -2*v + 18 = v. Let z = 12 - v. Calculate the highest common factor of z and m.
6
Let o be (136/7 - (-15)/(-35)) + -1. Calculate the highest common divisor of 234 and o.
18
Suppose -r = 2*p - 344, 4*r - 721 = 4*p + 631. Suppose 25*z - 6*z - 1292 = 0